
25
Calculate the highest common divisor of 1496 and 6800.
136
What is the highest common factor of 33 and 2083895?
11
Calculate the highest common divisor of 50 and 206330.
10
What is the highest common divisor of 1829407 and 398?
199
What is the greatest common factor of 2266 and 1650?
22
Calculate the greatest common factor of 91 and 3744.
13
What is the highest common factor of 144 and 604?
4
Calculate the greatest common factor of 3 and 149007.
3
What is the greatest common divisor of 29 and 107?
1
What is the highest common factor of 266 and 154774?
38
Calculate the greatest common factor of 229007 and 1037.
17
What is the greatest common factor of 135 and 3185?
5
Calculate the highest common factor of 4266 and 54.
54
Calculate the highest common divisor of 48 and 5056.
16
Calculate the highest common factor of 26880 and 105.
105
What is the highest common divisor of 512 and 4384?
32
Calculate the highest common factor of 19188 and 3731.
533
Calculate the greatest common divisor of 13724 and 25756.
188
What is the greatest common divisor of 4374 and 433512?
486
What is the greatest common factor of 384 and 91632?
48
Calculate the highest common divisor of 549 and 141.
3
Calculate the highest common divisor of 3300 and 990.
330
Calculate the greatest common divisor of 1382050 and 350.
50
Calculate the greatest common factor of 41379 and 3549.
39
What is the highest common divisor of 1017 and 2205?
9
What is the greatest common factor of 1407 and 116379?
201
Calculate the highest common factor of 135 and 173205.
135
Calculate the greatest common divisor of 99433 and 51.
17
Calculate the highest common divisor of 1188 and 371052.
396
What is the greatest common factor of 24 and 2107416?
24
What is the highest common divisor of 10 and 955490?
10
Calculate the greatest common factor of 24 and 26508.
12
Calculate the greatest common factor of 434 and 41478.
62
Calculate the greatest common divisor of 93 and 21891.
3
Calculate the greatest common divisor of 454 and 18.
2
Calculate the greatest common divisor of 2471 and 623.
7
Calculate the greatest common divisor of 1779074 and 1930.
386
Calculate the greatest common divisor of 11670 and 120.
30
Calculate the greatest common factor of 14538 and 15.
3
Calculate the highest common divisor of 9376652 and 57.
19
Calculate the highest common factor of 1598 and 24158.
94
What is the greatest common divisor of 5074 and 472?
118
Calculate the highest common factor of 14473048 and 1208.
1208
Calculate the greatest common factor of 118280 and 160.
40
Calculate the greatest common factor of 19 and 41933.
19
What is the greatest common divisor of 427 and 664168?
61
Calculate the highest common divisor of 51529 and 4.
1
Calculate the highest common factor of 398216 and 336.
56
What is the highest common factor of 2600 and 3016?
104
Calculate the highest common divisor of 513 and 1323.
27
What is the greatest common factor of 390495 and 315?
105
What is the highest common divisor of 11990 and 726?
22
What is the greatest common divisor of 188135 and 1773?
197
Calculate the greatest common factor of 4095 and 25025.
455
What is the highest common divisor of 1349225 and 1450?
725
Calculate the greatest common divisor of 17800 and 115166.
178
Calculate the highest common divisor of 227126 and 4085.
817
What is the greatest common divisor of 9831 and 1392?
87
Calculate the greatest common factor of 25784 and 264.
88
Calculate the highest common factor of 3410 and 50930.
110
Calculate the greatest common divisor of 2120 and 90895.
265
What is the greatest common factor of 425 and 60945?
85
Calculate the greatest common divisor of 27 and 217998.
27
Calculate the highest common divisor of 588 and 40962.
6
Calculate the highest common divisor of 3586 and 1958.
22
Calculate the greatest common divisor of 114075 and 27.
27
What is the highest common factor of 13185 and 5220?
45
What is the greatest common divisor of 189740 and 53?
53
What is the greatest common factor of 198 and 56331?
99
Calculate the highest common divisor of 7698 and 6.
6
What is the highest common divisor of 964002 and 3978?
1326
What is the highest common factor of 1798 and 7998?
62
What is the highest common factor of 2688 and 1372?
28
What is the highest common factor of 2007 and 1179447?
669
Calculate the greatest common divisor of 1869 and 9429.
21
What is the greatest common divisor of 88723 and 11666?
307
What is the greatest common factor of 4505 and 21165?
85
Calculate the highest common divisor of 11754 and 5238.
18
Calculate the greatest common factor of 1498 and 6146.
14
Calculate the greatest common factor of 441 and 262563.
21
Calculate the greatest common factor of 14135 and 220.
55
What is the greatest common divisor of 240161 and 137?
137
What is the greatest common divisor of 33 and 903001?
11
Calculate the greatest common factor of 97380 and 990.
90
Calculate the greatest common divisor of 122539 and 13423.
433
What is the greatest common divisor of 90 and 51270?
30
Calculate the greatest common divisor of 2080 and 1070.
10
Calculate the greatest common divisor of 155 and 7545.
5
What is the greatest common divisor of 130 and 336070?
10
What is the highest common factor of 121136 and 6633?
67
What is the greatest common factor of 5934 and 3612?
258
What is the highest common factor of 2113731 and 2538?
423
Calculate the highest common divisor of 4033 and 11.
1
Calculate the highest common factor of 57720 and 82680.
1560
What is the highest common factor of 187654 and 4?
2
What is the greatest common factor of 362101 and 291?
97
What is the greatest common divisor of 741078 and 104?
26
Calculate the highest common divisor of 1888 and 11776.
32
Calculate the greatest common divisor of 65 and 11596.
13
What is the greatest common factor of 26127 and 63?
9
Calculate the greatest common divisor of 624 and 20176.
208
What is the greatest common factor of 110633 and 1268?
317
Calculate the highest common divisor of 455 and 284830.
455
What is the greatest common divisor of 1668 and 1335?
3
Calculate the highest common factor of 264 and 314952.
264
What is the greatest common factor of 432 and 191088?
144
What is the greatest common divisor of 1206 and 161802?
18
Calculate the highest common divisor of 93152 and 213.
71
Calculate the greatest common factor of 156 and 18084.
12
What is the highest common divisor of 288 and 428?
4
Calculate the greatest common divisor of 23692 and 32.
4
Calculate the highest common divisor of 600 and 283775.
25
What is the greatest common factor of 13821 and 4336?
271
Calculate the greatest common factor of 6839003 and 62.
31
What is the greatest common divisor of 143 and 139529?
13
What is the greatest common divisor of 6264 and 2378?
58
What is the greatest common factor of 2284 and 40541?
571
Calculate the greatest common factor of 14721 and 21.
21
What is the highest common divisor of 121100 and 2800?
700
What is the highest common divisor of 3651870 and 205?
205
What is the highest common factor of 66 and 1094148?
66
Calculate the highest common divisor of 45 and 103155.
15
What is the greatest common divisor of 2 and 66468?
2
Calculate the greatest common divisor of 1582777 and 173.
173
What is the highest common factor of 20 and 1141180?
20
What is the highest common divisor of 1968 and 23288?
328
Calculate the highest common factor of 3196 and 17.
17
Calculate the greatest common divisor of 24 and 1239468.
12
What is the greatest common divisor of 576 and 909?
9
What is the highest common factor of 68 and 2861984?
68
What is the highest common factor of 74410 and 245?
35
Calculate the greatest common divisor of 416247 and 507.
507
Calculate the highest common divisor of 840 and 1974.
42
Calculate the greatest common factor of 237 and 56643.
237
What is the greatest common factor of 97664 and 512?
128
What is the greatest common divisor of 1775 and 1171003?
71
Calculate the highest common factor of 130532 and 140.
4
Calculate the greatest common divisor of 3375 and 78625.
125
Calculate the greatest common divisor of 16 and 857.
1
Calculate the highest common divisor of 284 and 497.
71
Calculate the highest common divisor of 63320 and 160.
40
What is the greatest common divisor of 800 and 820?
